2)/369. Let k = d + 119. Let o(x) = -x**2 + 4. Give o(k).
-5
Let s(l) = -l**3 - l**2 + 3*l + 3. Let u be (12/7)/(4/14). Suppose 0 = u*x - 7*x - 2. Give s(x).
1
Let x(u) = 2*u**3 + u**2 + u - 1. Let s(h) = -h**3. Let p(k) = -2*k**2 - 6*k + 1. Let b be p(-4). Let d(m) = b*s(m) - 3*x(m). Give d(4).
7
Let d be 171/(-3) - -3 - 2/2. Let b = -57 - d. Let q(r) = -5*r**2 - 2. Give q(b).
-22
Suppose 0 = -7*g + 75 + 37. Suppose 12*x = g*x - 8. Let s(i) = -2*i**3 + 2*i**2 - 4*i + 3. Give s(x).
-13
Suppose 7 = p - 12. Suppose p = d + 16. Let r(j) = -j**2 + 2*j + 2. Determine r(d).
-1
Suppose -z + 2 = 0, -7 = -3*p - 2*z + 12. Let f(d) = -5*d**2 + 4*d**3 + 8*d - 3*d**2 - p*d**3 - 7. What is f(-9)?
2
Let o be ((-96)/(-18) - 4)/(4/6). Let j(a) = -a**3 + 4*a - 5*a**2 - o + 4 + 3. What is j(-5)?
-15
Let w(z) be the first derivative of -z**2 + 3*z - 1. Suppose -4*m = 3*m - 7. Let x = 7 - m. What is w(x)?
-9
Let t(w) = w**3 + w**2 + w. Let u(n) = n. Let k(y) = t(y) + u(y). Give k(-2).
-8
Let o(v) = -17*v + 5. Let c(d) = 4*d - 1. Let f(l) = -9*c(l) - 2*o(l). Let j = 0 - -3. Let b(t) = t**3 - 2*t**2 - 5*t + 2. Let y be b(j). Give f(y).
7
Let y be (-2)/(-6) - (-525)/(-9). Let r be y/(-15) - (-36)/270. Let s(t) = -t**2 + 4. Calculate s(r).
-12
Let u(x) = -x**3 + 7*x**2 - 6*x - 6. Suppose -4*w - 4*d + 24 = 0, 3*d = -3 + 9. Suppose -5*f + f = h + 10, -w*h = -3*f - 36. Give u(h).
-6
Let o(i) = i**2 + 14*i + 16. Let a = 52 - 53. Let g(h) = -h. Let z(n) = a*o(n) - g(n). Determine z(-11).
6
Let m(r) = 1 - r + 11*r - 4*r + 2*r**2. Let c(k) = 8*k**2 + 25*k + 3. Let z(t) = 2*c(t) - 9*m(t). Give z(-2).
-3
Suppose 2*x + 5*d = -5, 4*x + 2*d = -x - 23. Let k(y) = -y**3 - 6*y**2 - 4*y + 8. Calculate k(x).
3
Suppose -4*n + 5*m + 8 = 0, -5*n + 2*n - 2*m + 6 = 0. Suppose n = 4*l - 5*d + 13, -11 = 2*l + 3*d. Let r(h) = h**3 + 3*h**2 - 5*h + 1. Calculate r(l).
5
Let u = 6 + -1. Let l(n) be the third derivative of -n**6/120 + n**5/15 + n**4/6 + n**3 - 4*n**2. Calculate l(u).
1
Let h(x) = 2*x - 1. Let z = 0 + 2. Suppose -2 = 5*m - 4*c - 0, -z*m - 3*c + 13 = 0. Suppose -2*w = -0*w - m. Calculate h(w).
1
Suppose -4*a = -5*a + 3. Suppose 0 = -a*y - m + 10, -4*y + 2*m + 10 = -10. Suppose y - 1 = -2*q + 3*o, -4*o = -4. Let l(j) = -j**3 - j**2 + 7. Calculate l(q).
7
Let q be 2 + ((-6)/(-39) - (-270)/(-65)). Let w(s) = 2*s**3 + 3*s**2 + s + 2. Calculate w(q).
-4
Let d = 6 - 4. Let i(l) = -4 + 16*l - 14*l - l**d + 1 - l**3. Calculate i(-3).
9
Let z(h) = -1 + 200*h**3 - 15*h - 201*h**3 + 18*h. Calculate z(3).
-19
Let b(j) be the third derivative of j**4/24 + j**3/2 + 16*j**2. Let k(a) = a. Let u(x) = -b(x) + 2*k(x). Calculate u(7).
4
Let j(d) = 2*d**2 - 59*d + 26. Let v be j(29). Let h(p) = p**3 + 3*p**2 - 1. Give h(v).
-1
Suppose 5*o + c = -37, c + 10 = -2*o + 3*c. Let i(j) = -4*j**2 + 7*j - 1. Let g(a) = a**2 - 2*a. Let w(l) = o*g(l) - 2*i(l). Determine w(-2).
6
Let p(g) = -104*g + 56*g - 10*g**3 + g**2 + 37*g**3 + 47*g. Calculate p(1).
27
Let m(c) be the third derivative of 6*c**2 - 2/3*c**3 + 0 + 0*c**4 + 1/120*c**5 - 1/120*c**6 + 0*c. Let t(n) be the first derivative of m(n). Determine t(2).
-10
Let d(w) = -w**3 + 4*w**2 + 2*w + 4. Let q(c) = -2*c**3 + 9*c**2 + 3*c + 9. Let x(a) = -5*d(a) + 3*q(a). Calculate x(7).
0
Let d(k) = -24*k**2 - 5*k + 4. Let f(s) = 6*s**2 + s - 1. Let n(a) = -2*d(a) - 9*f(a). Let h be 3/(-6)*-5 + 2/(-4). Determine n(h).
-21
Let r(b) = 4*b + 12. Let i(p) = -9*p - 19. Let x(q) = -3*i(q) - 5*r(q). Calculate x(-1).
-10
Suppose 0 = 5*b - 25, b = -13*t + 10*t + 11. Let v(i) = -3 + 1 + t*i + 1 - 1. Let n be (-6)/(-9) + (-16)/6. Calculate v(n).
-6
Let k(g) = 45 - 5*g**2 - 5*g - 17 - 26 + 6*g**2. Suppose -4*o + 2 = -22. Calculate k(o).
8
Let f(w) be the second derivative of -12*w + 1/20*w**5 + 0 - 1/6*w**4 - 1/3*w**3 + 3/2*w**2. Calculate f(3).
6
Let d be -5*(1 + (-5 - -3)). Suppose -d*n = -7*n - 12. Let b(z) = 5*z**3 + 5*z**2 - 8*z + 3. Let f(q) = q**3 - q. Let s(g) = b(g) - 4*f(g). Calculate s(n).
-9
Let x(y) = -y**3 + 14*y**2 - 14*y + 12. Let l(i) = -i**2 - 11*i - 11. Let p be l(-8). Let o be x(p). Let m(z) = -4*z + 4*z + z**2 - z - 6*z**3 - 1. Give m(o).
7
Let i = 4 + -13. Let y be 2/i + (-49)/63. Let l(c) = 7*c**2. Let q(a) = 15*a**2. Let o(j) = 13*l(j) - 6*q(j). What is o(y)?
1
Let z be (-10 + 3)/1 + 0. Let a(t) = -t**2 - 4*t + 12. What is a(z)?
-9
Suppose -23 = 5*b + 7. Let v(q) = -2*q - 14. Let f be v(b). Let g(x) = 5*x**2 + 2*x + 3. What is g(f)?
19
Let y(x) = x**2 - x + 3. Let p = 16 - 16. Let l be y(p). Let v(j) = j**3 - 2*j**2 - 4*j - 1. Give v(l).
-4
Suppose -g + 3 = 2*g + 3*d, -4*g = 2*d - 6. Let m(z) = -11*z**2 + 10*z + 1 + 10*z**g + 1. What is m(10)?
2
Let q(a) be the second derivative of a**4/12 - a**3/3 - 3*a**2/2 + 2*a. Suppose c - 4 = 8. Let d(i) = i**3 - 11*i**2 - 12*i + 4. Let o be d(c). Determine q(o).
5
Let r(z) = 13 + z - 15 + 3*z. Determine r(4).
14
Let t(l) = 7*l - 3. Suppose 5*q + 7 = -4*c - 6, q + 11 = 2*c. Let u(v) = -4 + 4 - v + 5. Let n be u(c). Give t(n).
11
Let k(n) = -n + 0*n + 2 - 2*n + n + n**3. Let x be 11 - 2*((-2)/(-1))/(-4). Let j be x/(-2)*(-9)/27. Calculate k(j).
6
Let b(o) = o**3 + o**2 - o + 1. Let c(f) = -f**3 - 3*f**2 + f. Let r(u) = -4*b(u) - 3*c(u). Calculate r(5).
1
Let h(u) = u**3 + 6*u**2 - 8*u - 9. Suppose -4*r + 12 = 8. Suppose -5*v = -2*c - 24, 3*c + 10 = -5*v - r. Determine h(c).
-2
Let d(w) = -3*w**2 - 9*w**2 + 3 - 2 + 11*w**2. Determine d(4).
-15
Let d(j) = -1 - 208*j - 6 + 5*j**2 + 234*j. Give d(-5).
-12
Let y(i) = 3*i**3 + 19*i**2 - 18*i + 15. Let l(x) = x**3 + x**2 - x. Let h(s) = 4*l(s) - y(s). What is h(14)?
-15
Let x(k) = 6*k - k**3 - 4 - k + 2*k**3 - 5*k**2. Suppose -5*s + 5 = -0*s. Let q be (-9 - -9) + 2 + s. Determine x(q).
-7
Let s(o) be the first derivative of o**3/3 + 9*o**2/2 + 9*o - 1. Let a be (-8)/(-16)*-18 - 0. What is s(a)?
9
Let j(k) = k**2 - 8*k - 8. Let x be j(10). Suppose 5*b = -4*l + x, 9 = -l + 4*l + 5*b. Let s(u) = 5*u**l + 5*u**3 - 9*u**3 + 2. Give s(0).
2
Suppose 168*t - 330 = 234*t. Let v(c) = 7*c + 36. Calculate v(t).
1
Let f be (-291)/27 + 42/(-189). Let p(q) = -q - 27. What is p(f)?
-16
Let t(l) = 3*l - 8. Let n(u) = -2*u + 2. Let b(z) = 3*n(z) + t(z). Suppose 0*g = -5*g - 25. Let a(v) = 2*v + 7. Let h be a(g). Calculate b(h).
7
Let y(t) be the first derivative of -2*t**3/3 + 9*t**2/2 - 8*t - 440. Give y(4).
-4
Let a be (4 - (1 + 0)) + (-1 - -1). Let r(j) = 4*j**2 - 3*j + 4 - 8*j**2 + a*j**2. What is r(-3)?
4
Suppose -2*s = -4*a + 30, -5*s - 38 + 8 = -a. Let j(n) = -a*n**2 - 10*n - 107 + 57 + 57 + 0*n**3 + n**3. Calculate j(6).
-17
Let k be -3*3/(-18) - (-1)/2. Let o(u) = 9*u**2 - 15*u + 4*u - k + 10*u. Calculate o(-1).
9
Suppose -3*q - 329 = 49. Let f be (-2)/18 + (-392)/q. Let c(u) = -u**2 + 1. Give c(f).
-8
Let v be (-28)/126 + (-411)/(-27). Let l(k) = -k**2 + 14*k + 11. Calculate l(v).
-4
Let y(k) = -k**3 - 2*k**2 + 1. Let p(a) = 2*a**3 - 3*a**2 + 2*a + 2. Let v(b) = -p(b) - y(b). Calculate v(3).
9
Let c(b) = -13*b - 7. Let k be 2 - (18 - 10) - (0 + -2). Give c(k).
45
Suppose 2*b = -b. Let z(i) be the second derivative of i**4/24 + 5*i**3/6 + i**2 + 4*i. Let h(c) be the first derivative of z(c). What is h(b)?
5
Let r(y) be the second derivative of y**3/2 + 3*y**2 - 47*y - 1. Give r(-3).
-3
Let y(l) = -5 + 7 - 2*l - 2. Suppose -3*j + 61 = 5*n, 3*j + 2*n - 45 = 5*n. Suppose 7 = -5*q + j. What is y(q)?
-4
Let k(b) = -b**3 - 4*b**2 + 5*b + 1. Suppose 6*r - 8*r = 76. Let q be r/6 + (1 - (-2)/6). Give k(q).
1
Let z(h) = -2*h**3 - h**2 + 5*h - 8. Let c(d) = -4*d**3 - d**2 + 11*d - 17. Let t(v) = 4*c(v) - 9*z(v). Give t(-4).
-40
Let d(f) = f**3 + 7*f**2 - 8*f - 1. Suppose k - 4*a + 20 = 0, -2*k + 3*a - 7*a - 4 = 0. What is d(k)?
-1
Let t(s) = 3*s**2 + 8*s - 13. Let z(q) = 4*q**2 + 12*q - 19. Let n(c) = 7*t(c) - 5*z(c). Suppose -5*a - 3 + 28 = 0. What is n(a)?
9
Let d(u) be the second derivative of u**7/840 + u**6/360 + u**5/120 - 5*u**4/12 - 11*u**3/6 - 2*u. Let x(q) be the second derivative of d(q). Determine x(0).
-10
Suppose -5*j + 28 - 9 = 3*q, -3*j + 9 = 3*q. Let d(r) = -3*r**2 - 9. Let n(z) = -4*z**2 + z - 10. Let s(b) = 5*d(b) - 4*n(b). Determine s(j).
0
Suppose 0*f = -3*f - 2*a + 3, 3*f - a = 12. Let p(c) = f*c - 2 + c**2 - 6*c - 4*c. Determine p(6).
-8
Let a(n) = -13*n**2 + 10*n